What is the remainder when 40010253 is divided by 5226?
5223
Calculate the remainder when 240570 is divided by 58861.
5126
Calculate the remainder when 206078 is divided by 2179.
1252
What is the remainder when 28328 is divided by 27444?
884
Calculate the remainder when 17064072 is divided by 250942.
16
What is the remainder when 3481007 is divided by 31079?
159
Calculate the remainder when 66608325 is divided by 28.
21
Calculate the remainder when 379268 is divided by 6428.
16
What is the remainder when 13856699 is divided by 76?
75
Calculate the remainder when 6847 is divided by 90.
7
Calculate the remainder when 3612169 is divided by 5235.
19
Calculate the remainder when 843927 is divided by 5950.
4977
What is the remainder when 1083947 is divided by 49253?
381
Calculate the remainder when 52431 is divided by 669.
249
What is the remainder when 23575978 is divided by 5563?
5547
What is the remainder when 101174 is divided by 38?
18
Calculate the remainder when 85044 is divided by 7729.
25
What is the remainder when 40811 is divided by 379?
258
What is the remainder when 143687804 is divided by 200?
4
What is the remainder when 1495795 is divided by 59?
27
What is the remainder when 20338 is divided by 6340?
1318
What is the remainder when 772871 is divided by 257525?
296
What is the remainder when 1586461 is divided by 793215?
31
Calculate the remainder when 632820 is divided by 71.
68
Calculate the remainder when 536145 is divided by 178675.
120
What is the remainder when 130259 is divided by 144?
83
Calculate the remainder when 45322 is divided by 286.
134
Calculate the remainder when 76085740 is divided by 113.
15
What is the remainder when 8752683 is divided by 2036?
1955
What is the remainder when 346699398 is divided by 57783231?
12
What is the remainder when 124375670 is divided by 49?
48
What is the remainder when 6955366 is divided by 3079?
2984
Calculate the remainder when 591675 is divided by 197171.
162
Calculate the remainder when 2035819 is divided by 51.
1
What is the remainder when 2450594 is divided by 12503?
6
What is the remainder when 60745 is divided by 210?
55
What is the remainder when 1020702 is divided by 340229?
15
What is the remainder when 418542 is divided by 209238?
66
Calculate the remainder when 3614602 is divided by 222.
220
What is the remainder when 66341051 is divided by 737?
733
Calculate the remainder when 152910515 is divided by 87.
11
Calculate the remainder when 1778298 is divided by 189.
186
Calculate the remainder when 32426 is divided by 6400.
426
Calculate the remainder when 1600935 is divided by 55.
50
Calculate the remainder when 5144886 is divided by 73.
65
What is the remainder when 424911 is divided by 358?
323
What is the remainder when 45450 is divided by 83?
49
Calculate the remainder when 52300 is divided by 3177.
1468
Calculate the remainder when 525445 is divided by 616.
613
What is the remainder when 35604117 is divided by 5998?
5987
Calculate the remainder when 12644 is divided by 2898.
1052
Calculate the remainder when 86462598 is divided by 35.
33
What is the remainder when 95081 is divided by 47364?
353
What is the remainder when 899770 is divided by 12?
10
What is the remainder when 685918 is divided by 16331?
16
Calculate the remainder when 2309534 is divided by 148.
142
What is the remainder when 389439 is divided by 5269?
4802
Calculate the remainder when 213698 is divided by 53266.
634
Calculate the remainder when 400459768 is divided by 38.
36
Calculate the remainder when 7284849 is divided by 3642401.
47
What is the remainder when 160228539 is divided by 2129?
2128
What is the remainder when 17135256 is divided by 78243?
39
Calculate the remainder when 538463 is divided by 29911.
65
Calculate the remainder when 31674654 is divided by 17.
16
What is the remainder when 20738658 is divided by 34?
18
Calculate the remainder when 6005203 is divided by 2737.
225
Calculate the remainder when 830082 is divided by 4825.
182
Calculate the remainder when 9816803 is divided by 971.
964
What is the remainder when 673917 is divided by 84?
69
What is the remainder when 11813823 is divided by 2362761?
18
Calculate the remainder when 4196 is divided by 3759.
437
What is the remainder when 3868000 is divided by 14?
10
What is the remainder when 381273 is divided by 16?
9
Calculate the remainder when 60493125 is divided by 138.
135
Calculate the remainder when 14088451 is divided by 14.
13
What is the remainder when 135236 is divided by 5408?
36
Calculate the remainder when 137990 is divided by 4449.
71
Calculate the remainder when 11244 is divided by 1235.
129
What is the remainder when 42377 is divided by 4638?
635
Calculate the remainder when 475363 is divided by 1029.
994
What is the remainder when 16112745 is divided by 8225?
8195
What is the remainder when 28470 is divided by 136?
46
What is the remainder when 1143577 is divided by 10120?
17
Calculate the remainder when 4198409 is divided by 380.
169
Calculate the remainder when 925016 is divided by 1149.
71
Calculate the remainder when 130503 is divided by 21670.
483
Calculate the remainder when 17243728 is divided by 2710.
2708
Calculate the remainder when 37973998 is divided by 221.
10
What is the remainder when 648642 is divided by 2?
0
Calculate the remainder when 1450049 is divided by 725023.
3
Calculate the remainder when 2995114 is divided by 47.
39
Calculate the remainder when 293421 is divided by 5332.
161
Calculate the remainder when 32227781 is divided by 68.
65
Calculate the remainder when 500748 is divided by 327.
111
What is the remainder when 271607376 is divided by 14?
12
What is the remainder when 140443 is divided by 172?
91
Calculate the remainder when 41951183 is divided by 995.
988
Calculate the remainder when 2379468 is divided by 89.
53
What is the remainder when 141902 is divided by 430?
2
Calculate the remainder when 25646708 is divided by 205173.
83
Calculate the remainder when 2772379 is divided by 116.
95
Calculate the remainder when 462983 is divided by 16966.
4901
What is the remainder when 305663 is divided by 153?
122
Calculate the remainder when 20143 is divided by 2257.
2087
What is the remainder when 8338769 is divided by 2929?
2835
Calculate the remainder when 4045999 is divided by 80.
79
Calculate the remainder when 30830 is divided by 23799.
7031
Calculate the remainder when 89984 is divided by 22281.
860
Calculate the remainder when 1137619 is divided by 195.
184
What is the remainder when 227314 is divided by 113001?
1312
Calculate the remainder when 1434901 is divided by 235.
226
What is the remainder when 21393237 is divided by 10696609?
19
Calculate the remainder when 875730 is divided by 20.
10
What is the remainder when 435629 is divided by 253?
216
What is the remainder when 15544 is divided by 7466?
612
Calculate the remainder when 38568041 is divided by 1071334.
17
What is the remainder when 85777 is divided by 378?
349
Calculate the remainder when 19895056 is divided by 2486882.
0
What is the remainder when 256156817 is divided by 2?
1
Calculate the remainder when 65879 is divided by 1929.
293
What is the remainder when 1898880 is divided by 2064?
0
Calculate the remainder when 6435438 is divided by 2145144.
6
What is the remainder when 5324538 is divided by 550?
538
Calculate the remainder when 665430 is divided by 221807.
9
What is the remainder when 565788 is divided by 565778?
10
What is the remainder when 475820 is divided by 9150?
20
What is the remainder when 3613846 is divided by 103?
91
Calculate the remainder when 10513666 is divided by 53916.
46
What is the remainder when 278103 is divided by 2395?
283
What is the remainder when 13491102 is divided by 8?
6
Calculate the remainder when 29576573 is divided by 8218.
8209
Calculate the remainder when 6229093 is divided by 3647.
17
What is the remainder when 396163187 is divided by 6?
5
What is the remainder when 178679 is divided by 5543?
1303
What is the remainder when 43272 is divided by 438?
348
Calculate the remainder when 34244844 is divided by 1426868.
12
Calculate the remainder when 4033315 is divided by 744.
91
Calculate the remainder when 2903630 is divided by 967804.
218
What is the remainder when 2978642 is divided